remainder when 11 is divided by 11?
0
What is the remainder when 708 is divided by 122?
98
Calculate the remainder when 672 is divided by 174.
150
Calculate the remainder when 257 is divided by 66.
59
Calculate the remainder when 30 is divided by 11.
8
What is the remainder when 85 is divided by 17?
0
What is the remainder when 4078 is divided by 48?
46
What is the remainder when 471 is divided by 25?
21
What is the remainder when 696 is divided by 27?
21
What is the remainder when 121 is divided by 111?
10
Calculate the remainder when 1470 is divided by 183.
6
Calculate the remainder when 2940 is divided by 155.
150
Calculate the remainder when 1042 is divided by 518.
6
Calculate the remainder when 6443 is divided by 13.
8
What is the remainder when 215 is divided by 41?
10
Calculate the remainder when 1222 is divided by 25.
22
What is the remainder when 391 is divided by 50?
41
Calculate the remainder when 62 is divided by 16.
14
What is the remainder when 1534 is divided by 10?
4
What is the remainder when 980 is divided by 9?
8
What is the remainder when 140 is divided by 48?
44
Calculate the remainder when 57 is divided by 37.
20
Calculate the remainder when 2746 is divided by 913.
7
What is the remainder when 248 is divided by 36?
32
Calculate the remainder when 1689 is divided by 22.
17
Calculate the remainder when 5727 is divided by 16.
15
Calculate the remainder when 1025 is divided by 38.
37
What is the remainder when 1634 is divided by 89?
32
What is the remainder when 13 is divided by 12?
1
What is the remainder when 51 is divided by 25?
1
What is the remainder when 771 is divided by 18?
15
What is the remainder when 5 is divided by 4?
1
Calculate the remainder when 524 is divided by 173.
5
Calculate the remainder when 144 is divided by 17.
8
What is the remainder when 170 is divided by 92?
78
What is the remainder when 9322 is divided by 111?
109
Calculate the remainder when 295 is divided by 82.
49
Calculate the remainder when 63 is divided by 11.
8
Calculate the remainder when 168 is divided by 25.
18
What is the remainder when 3683 is divided by 1224?
11
What is the remainder when 169 is divided by 19?
17
What is the remainder when 4061 is divided by 15?
11
Calculate the remainder when 2562 is divided by 359.
49
Calculate the remainder when 99 is divided by 10.
9
What is the remainder when 42 is divided by 8?
2
Calculate the remainder when 415 is divided by 151.
113
Calculate the remainder when 859 is divided by 41.
39
What is the remainder when 229 is divided by 22?
9
What is the remainder when 264 is divided by 67?
63
What is the remainder when 6014 is divided by 15?
14
What is the remainder when 1054 is divided by 22?
20
Calculate the remainder when 2470 is divided by 247.
0
Calculate the remainder when 53 is divided by 9.
8
What is the remainder when 278 is divided by 20?
18
Calculate the remainder when 111 is divided by 28.
27
Calculate the remainder when 31 is divided by 28.
3
Calculate the remainder when 326 is divided by 41.
39
What is the remainder when 215 is divided by 111?
104
Calculate the remainder when 938 is divided by 259.
161
Calculate the remainder when 398 is divided by 20.
18
What is the remainder when 351 is divided by 204?
147
Calculate the remainder when 488 is divided by 16.
8
What is the remainder when 249 is divided by 9?
6
What is the remainder when 47 is divided by 29?
18
What is the remainder when 1399 is divided by 54?
49
What is the remainder when 891 is divided by 264?
99
Calculate the remainder when 75 is divided by 51.
24
What is the remainder when 92 is divided by 8?
4
What is the remainder when 108 is divided by 47?
14
Calculate the remainder when 2741 is divided by 28.
25
Calculate the remainder when 790 is divided by 17.
8
What is the remainder when 344 is divided by 137?
70
What is the remainder when 246 is divided by 69?
39
What is the remainder when 136 is divided by 62?
12
What is the remainder when 979 is divided by 35?
34
Calculate the remainder when 155 is divided by 42.
29
What is the remainder when 260 is divided by 53?
48
Calculate the remainder when 2000 is divided by 13.
11
Calculate the remainder when 2396 is divided by 109.
107
Calculate the remainder when 455 is divided by 24.
23
Calculate the remainder when 156 is divided by 56.
44
What is the remainder when 120 is divided by 61?
59
Calculate the remainder when 12110 is divided by 2016.
14
What is the remainder when 24 is divided by 20?
4
What is the remainder when 71 is divided by 70?
1
Calculate the remainder when 198 is divided by 42.
30
Calculate the remainder when 4 is divided by 4.
0
What is the remainder when 579 is divided by 124?
83
Calculate the remainder when 1895 is divided by 146.
143
What is the remainder when 2413 is divided by 39?
34
What is the remainder when 90 is divided by 16?
10
What is the remainder when 181 is divided by 36?
1
What is the remainder when 136 is divided by 35?
31
What is the remainder when 123 is divided by 46?
31
What is the remainder when 55213 is divided by 203?
200
What is the remainder when 1103 is divided by 538?
27
What is the remainder when 319 is divided by 54?
49
What is the remainder when 386 is divided by 13?
9
What is the remainder when 215 is divided by 69?
8
Calculate the remainder when 282 is divided by 115.
52
What is the remainder when 1158 is divided by 83?
79
Calculate the remainder when 1037 is divided by 261.
254
What is the remainder when 3354 is divided by 9?
6
What is the remainder when 47 is divided by 2?
1
Calculate the remainder when 74 is divided by 37.
0
Calculate the remainder when 164 is divided by 45.
29
What is the remainder when 300 is divided by 55?
25
What is the remainder when 1115 is divided by 1081?
34
Calculate the remainder when 158 is divided by 83.
75
What is the remainder when 1053 is divided by 3?
0
What is the remainder when 204 is divided by 127?
77
Calculate the remainder when 66 is divided by 56.
10
What is the remainder when 64 is divided by 27?
10
Calculate the remainder when 126 is divided by 8.
6
Calculate the remainder when 268 is divided by 54.
52
What is the remainder when 754 is divided by 96?
82
What is the remainder when 1511 is divided by 21?
20
What is the remainder when 308 is divided by 103?
102
Calculate the remainder when 55 is divided by 15.
10
What is the remainder when 2155 is divided by 13?
10
Calculate the remainder when 815 is divided by 21.
17
Calculate the remainder when 2516 is divided by 93.
5
Calculate the remainder when 391 is divided by 179.
33
Calculate the remainder when 14 is divided by 10.
4
Calculate the remainder when 58 is divided by 40.
18
What is the remainder when 470 is divided by 25?
20
What is the remainder when 1858 is divided by 30?
28
What is the remainder when 2920 is divided by 29?
20
What is the remainder when 296 is divided by 85?
41
What is the remainder when 488 is divided by 25?
13
Calculate the remainder when 1101 is divided by 58.
57
What is the remainder when 11 is divided by 2?
1
What is the remainder when 3172 is divided by 1056?
4
Calculate the remainder when 141 is divided by 35.
1
What is the remainder when 153 is divided by 82?
71
What is the remainder when 304 is divided by 34?
32
Calculate the remainder when 5971 is divided by 33.
31
Calculate the remainder when 102 is divided by 18.
12
Calculate the remainder when 193 is divided by 9.
4
What is the remainder when 1266 is divided by 27?
24
What is the remainder when 184 is divided by 88?
8
What is the remainder when 322 is divided by 121?
80
Calculate the remainder when 261 is divided by 85.
6
What is the remainder when 288 is divided by 73?
69
Calculate the remainder when 5457 is divided by 65.
62
Calculate the remainder when 356 is divided by 131.
94
What is the remainder when 1145 is divided by 1117?
28
Calculate the remainder when 224 is divided by 77.
70
Calculate the remainder when 451 is divided by 36.
19
What is the remainder when 472 is divided by 126?
94
Calculate the remainder when 130 is divided by 17.
11
Calculate the remainder when 121 is divided by 11.
0
Calculate the remainder when 20 is divided by 10.
0
What is the remainder when 419 is divided by 43?
32
Calculate the remainder when 8174 is divided by 4.